ed by 89?
64
What is the remainder when 333 is divided by 21?
18
Calculate the remainder when 2106 is divided by 96.
90
Calculate the remainder when 1486 is divided by 490.
16
What is the remainder when 1602 is divided by 321?
318
Calculate the remainder when 463 is divided by 117.
112
What is the remainder when 2022 is divided by 46?
44
What is the remainder when 41 is divided by 27?
14
What is the remainder when 14 is divided by 3?
2
What is the remainder when 422 is divided by 101?
18
Calculate the remainder when 756 is divided by 11.
8
What is the remainder when 20382 is divided by 364?
362
What is the remainder when 2400 is divided by 1199?
2
Calculate the remainder when 177 is divided by 50.
27
What is the remainder when 540 is divided by 525?
15
What is the remainder when 2045 is divided by 254?
13
What is the remainder when 219 is divided by 85?
49
Calculate the remainder when 1070 is divided by 29.
26
What is the remainder when 1713 is divided by 64?
49
What is the remainder when 250 is divided by 63?
61
What is the remainder when 565 is divided by 5?
0
What is the remainder when 4136 is divided by 21?
20
Calculate the remainder when 236 is divided by 16.
12
What is the remainder when 1428 is divided by 53?
50
What is the remainder when 204 is divided by 19?
14
Calculate the remainder when 67 is divided by 13.
2
What is the remainder when 103 is divided by 97?
6
Calculate the remainder when 292 is divided by 8.
4
Calculate the remainder when 86 is divided by 57.
29
What is the remainder when 86 is divided by 42?
2
What is the remainder when 142 is divided by 30?
22
Calculate the remainder when 3 is divided by 3.
0
What is the remainder when 1787 is divided by 74?
11
Calculate the remainder when 1878 is divided by 171.
168
What is the remainder when 495 is divided by 8?
7
Calculate the remainder when 14 is divided by 4.
2
What is the remainder when 169 is divided by 5?
4
What is the remainder when 18 is divided by 14?
4
Calculate the remainder when 646 is divided by 105.
16
What is the remainder when 361 is divided by 42?
25
Calculate the remainder when 1903 is divided by 136.
135
What is the remainder when 57 is divided by 20?
17
Calculate the remainder when 554 is divided by 18.
14
What is the remainder when 216 is divided by 46?
32
Calculate the remainder when 32 is divided by 4.
0
Calculate the remainder when 41 is divided by 29.
12
What is the remainder when 160 is divided by 18?
16
What is the remainder when 309 is divided by 82?
63
What is the remainder when 6667 is divided by 13?
11
What is the remainder when 600 is divided by 41?
26
Calculate the remainder when 159 is divided by 29.
14
What is the remainder when 25 is divided by 9?
7
Calculate the remainder when 35865 is divided by 158.
157
Calculate the remainder when 351 is divided by 117.
0
What is the remainder when 133 is divided by 27?
25
Calculate the remainder when 1071 is divided by 353.
12
Calculate the remainder when 53 is divided by 16.
5
What is the remainder when 129 is divided by 13?
12
What is the remainder when 2046 is divided by 108?
102
What is the remainder when 217 is divided by 59?
40
What is the remainder when 543 is divided by 107?
8
What is the remainder when 67 is divided by 38?
29
What is the remainder when 2118 is divided by 20?
18
What is the remainder when 643 is divided by 17?
14
Calculate the remainder when 1522 is divided by 718.
86
What is the remainder when 442 is divided by 142?
16
Calculate the remainder when 5397 is divided by 75.
72
Calculate the remainder when 37 is divided by 7.
2
What is the remainder when 111 is divided by 26?
7
What is the remainder when 2572 is divided by 56?
52
Calculate the remainder when 165 is divided by 58.
49
Calculate the remainder when 208 is divided by 21.
19
Calculate the remainder when 119 is divided by 92.
27
What is the remainder when 15471 is divided by 18?
9
Calculate the remainder when 274 is divided by 125.
24
Calculate the remainder when 43 is divided by 3.
1
What is the remainder when 390 is divided by 131?
128
Calculate the remainder when 2820 is divided by 351.
12
What is the remainder when 122 is divided by 21?
17
What is the remainder when 949 is divided by 17?
14
Calculate the remainder when 243 is divided by 39.
9
What is the remainder when 121 is divided by 32?
25
Calculate the remainder when 1077 is divided by 24.
21
Calculate the remainder when 1108 is divided by 33.
19
What is the remainder when 159 is divided by 56?
47
What is the remainder when 141 is divided by 36?
33
What is the remainder when 10960 is divided by 2740?
0
Calculate the remainder when 683 is divided by 9.
8
Calculate the remainder when 748 is divided by 199.
151
What is the remainder when 60 is divided by 48?
12
What is the remainder when 6394 is divided by 41?
39
Calculate the remainder when 588 is divided by 139.
32
What is the remainder when 128 is divided by 68?
60
What is the remainder when 150 is divided by 14?
10
Calculate the remainder when 8739 is divided by 159.
153
Calculate the remainder when 481 is divided by 6.
1
Calculate the remainder when 296 is divided by 27.
26
Calculate the remainder when 199 is divided by 70.
59
Calculate the remainder when 2302 is divided by 24.
22
What is the remainder when 653 is divided by 16?
13
Calculate the remainder when 3608 is divided by 43.
39
Calculate the remainder when 198 is divided by 106.
92
Calculate the remainder when 153 is divided by 7.
6
Calculate the remainder when 1272 is divided by 101.
60
What is the remainder when 51 is divided by 8?
3
What is the remainder when 2633 is divided by 4?
1
Calculate the remainder when 719 is divided by 36.
35
What is the remainder when 738 is divided by 57?
54
What is the remainder when 21171 is divided by 67?
66
What is the remainder when 264 is divided by 14?
12
Calculate the remainder when 1439 is divided by 24.
23
What is the remainder when 1789 is divided by 890?
9
Calculate the remainder when 35 is divided by 9.
8
Calculate the remainder when 2378 is divided by 68.
66
Calculate the remainder when 1401 is divided by 93.
6
What is the remainder when 70 is divided by 9?
7
Calculate the remainder when 797 is divided by 6.
5
What is the remainder when 315 is divided by 33?
18
What is the remainder when 1439 is divided by 16?
15
What is the remainder when 165 is divided by 21?
18
What is the remainder when 966 is divided by 53?
12
Calculate the remainder when 36323 is divided by 6.
5
What is the remainder when 1411 is divided by 100?
11
Calculate the remainder when 206 is divided by 59.
29
What is the remainder when 134 is divided by 35?
29
Calculate the remainder when 432 is divided by 31.
29
What is the remainder when 248 is divided by 175?
73
Calculate the remainder when 962 is divided by 46.
42
What is the remainder when 1539 is divided by 77?
76
What is the remainder when 1515 is divided by 6?
3
What is the remainder when 1015 is divided by 297?
124
What is the remainder when 611 is divided by 153?
152
Calculate the remainder when 4120 is divided by 9.
7
What is the remainder when 438 is divided by 21?
18
Calculate the remainder when 64 is divided by 25.
14
Calculate the remainder when 1433 is divided by 90.
83
What is the remainder when 1201 is divided by 86?
83
Calculate the remainder when 51 is divided by 27.
24
Calculate the remainder when 195 is divided by 40.
35
What is the remainder when 105 is divided by 6?
3
Calculate the remainder when 181 is divided by 82.
17
Calculate the remainder when 76 is divided by 20.
16
Calculate the remainder when 276 is divided by 9.
6
What is the remainder when 558 is divided by 26?
12
What is the remainder when 694 is divided by 96?
22
Calculate the remainder when 68 is divided by 31.
6
Calculate the remainder when 858 is divided by 428.
2
What is the remainder when 57 is divided by 14?
1
What is the remainder when 1600 is divided by 632?
336
What is the remainder when 5 is divided by 3?
2
What is the remainder when 128 is divided by 88?
40
What is the remainder when 155 is divided by 8?
3
What is the remainder when 31 is divided by 12?
7
Calculate the remainder when 340 is divided by 60.
40
Calculate the remainder when 1027 is divided by 44.
15
Calculate the remainder when 82